Last updated on 2019-04-21 01:47:39 CEST.
Flavor | Version | Tinstall | Tcheck | Ttotal | Status | Flags |
---|---|---|---|---|---|---|
r-devel-linux-x86_64-debian-clang | 0.0.5 | 2.62 | 208.70 | 211.32 | NOTE | |
r-devel-linux-x86_64-debian-gcc | 0.0.5 | 2.90 | 171.20 | 174.10 | NOTE | |
r-devel-linux-x86_64-fedora-clang | 0.0.5 | 254.72 | NOTE | |||
r-devel-linux-x86_64-fedora-gcc | 0.0.5 | 143.85 | NOTE | |||
r-devel-windows-ix86+x86_64 | 0.0.5 | 9.00 | 320.00 | 329.00 | OK | |
r-patched-linux-x86_64 | 0.0.5 | 2.57 | 215.11 | 217.68 | NOTE | |
r-patched-solaris-x86 | 0.0.5 | 355.90 | NOTE | |||
r-release-linux-x86_64 | 0.0.5 | 1.53 | 210.80 | 212.33 | NOTE | |
r-release-windows-ix86+x86_64 | 0.0.5 | 4.00 | 327.00 | 331.00 | OK | |
r-release-osx-x86_64 | 0.0.5 | OK | ||||
r-oldrel-windows-ix86+x86_64 | 0.0.5 | 4.00 | 390.00 | 394.00 | OK | |
r-oldrel-osx-x86_64 | 0.0.5 | OK |
Version: 0.0.5
Check: package dependencies
Result: NOTE
Package suggested but not available for checking: 'MonetDBLite'
Flavors: r-devel-linux-x86_64-debian-clang, r-devel-linux-x86_64-debian-gcc, r-devel-linux-x86_64-fedora-clang, r-devel-linux-x86_64-fedora-gcc, r-patched-linux-x86_64, r-patched-solaris-x86, r-release-linux-x86_64