Last updated on 2019-04-21 01:47:39 CEST.
Flavor | Version | Tinstall | Tcheck | Ttotal | Status | Flags |
---|---|---|---|---|---|---|
r-devel-linux-x86_64-debian-clang | 1.0-4 | 29.40 | 52.54 | 81.94 | OK | |
r-devel-linux-x86_64-debian-gcc | 1.0-4 | 20.24 | 50.74 | 70.98 | OK | |
r-devel-linux-x86_64-fedora-clang | 1.0-4 | 99.09 | NOTE | |||
r-devel-linux-x86_64-fedora-gcc | 1.0-4 | 88.39 | NOTE | |||
r-devel-windows-ix86+x86_64 | 1.0-4 | 70.00 | 76.00 | 146.00 | OK | |
r-patched-linux-x86_64 | 1.0-4 | 25.53 | 52.12 | 77.65 | OK | |
r-patched-solaris-x86 | 1.0-4 | 102.50 | NOTE | |||
r-release-linux-x86_64 | 1.0-4 | 21.80 | 50.64 | 72.44 | OK | |
r-release-windows-ix86+x86_64 | 1.0-4 | 54.00 | 93.00 | 147.00 | OK | |
r-release-osx-x86_64 | 1.0-4 | NOTE | ||||
r-oldrel-windows-ix86+x86_64 | 1.0-4 | 48.00 | 108.00 | 156.00 | OK | |
r-oldrel-osx-x86_64 | 1.0-4 | NOTE |
Version: 1.0-4
Check: dependencies in R code
Result: NOTE
Namespaces in Imports field not imported from:
‘Rcpp’ ‘jsonlite’
All declared Imports should be used.
Flavors: r-devel-linux-x86_64-fedora-clang, r-devel-linux-x86_64-fedora-gcc, r-patched-solaris-x86, r-release-osx-x86_64, r-oldrel-osx-x86_64