Last updated on 2019-04-21 01:47:39 CEST.
Flavor | Version | Tinstall | Tcheck | Ttotal | Status | Flags |
---|---|---|---|---|---|---|
r-devel-linux-x86_64-debian-clang | 0.1.4.2 | 5.27 | 103.75 | 109.02 | OK | |
r-devel-linux-x86_64-debian-gcc | 0.1.4.2 | 5.20 | 90.04 | 95.24 | OK | |
r-devel-linux-x86_64-fedora-clang | 0.1.4.2 | 98.11 | OK | |||
r-devel-linux-x86_64-fedora-gcc | 0.1.4.2 | 90.06 | OK | |||
r-devel-windows-ix86+x86_64 | 0.1.4.2 | 26.00 | 263.00 | 289.00 | OK | |
r-patched-linux-x86_64 | 0.1.4.2 | 5.74 | 101.21 | 106.95 | OK | |
r-patched-solaris-x86 | 0.1.4.2 | 185.70 | OK | |||
r-release-linux-x86_64 | 0.1.4.2 | 4.17 | 103.45 | 107.62 | OK | |
r-release-windows-ix86+x86_64 | 0.1.4.2 | 10.00 | 263.00 | 273.00 | OK | |
r-release-osx-x86_64 | 0.1.4.2 | OK | ||||
r-oldrel-windows-ix86+x86_64 | 0.1.4.2 | 20.00 | 269.00 | 289.00 | OK | |
r-oldrel-osx-x86_64 | 0.1.4.2 | NOTE |
Version: 0.1.4.2
Check: package dependencies
Result: NOTE
Package suggested but not available for checking: ‘pcalg’
Flavor: r-oldrel-osx-x86_64
Version: 0.1.4.2
Check: Rd cross-references
Result: NOTE
Package unavailable to check Rd xrefs: ‘pcalg’
Flavor: r-oldrel-osx-x86_64