CRAN Package Check Results for Package balance

Last updated on 2019-04-21 01:47:39 CEST.

Flavor Version Tinstall Tcheck Ttotal Status Flags
r-devel-linux-x86_64-debian-clang 0.1.9 2.28 41.53 43.81 OK
r-devel-linux-x86_64-debian-gcc 0.1.9 2.98 40.32 43.30 OK
r-devel-linux-x86_64-fedora-clang 0.1.9 44.27 OK
r-devel-linux-x86_64-fedora-gcc 0.1.9 58.09 OK
r-devel-windows-ix86+x86_64 0.1.9 10.00 87.00 97.00 OK
r-patched-linux-x86_64 0.1.9 2.88 40.77 43.65 OK
r-patched-solaris-x86 0.1.9 80.20 OK
r-release-linux-x86_64 0.1.9 1.62 41.69 43.31 OK
r-release-windows-ix86+x86_64 0.1.9 4.00 60.00 64.00 OK
r-release-osx-x86_64 0.1.9 NOTE
r-oldrel-windows-ix86+x86_64 0.1.9 6.00 97.00 103.00 OK
r-oldrel-osx-x86_64 0.1.9 NOTE

Check Details

Version: 0.1.9
Check: package dependencies
Result: NOTE
    Package suggested but not available for checking: ‘philr’
Flavors: r-release-osx-x86_64, r-oldrel-osx-x86_64