CRAN Package Check Results for Package banter

Last updated on 2019-04-21 01:47:39 CEST.

Flavor Version Tinstall Tcheck Ttotal Status Flags
r-devel-linux-x86_64-debian-clang 0.9.3 5.08 42.23 47.31 OK
r-devel-linux-x86_64-debian-gcc 0.9.3 4.79 41.67 46.46 OK
r-devel-linux-x86_64-fedora-clang 0.9.3 51.54 NOTE
r-devel-linux-x86_64-fedora-gcc 0.9.3 49.54 NOTE
r-devel-windows-ix86+x86_64 0.9.3 19.00 88.00 107.00 OK
r-patched-linux-x86_64 0.9.3 4.82 42.24 47.06 OK
r-patched-solaris-x86 0.9.3 90.60 NOTE
r-release-linux-x86_64 0.9.3 2.98 41.99 44.97 OK
r-release-windows-ix86+x86_64 0.9.3 7.00 77.00 84.00 OK
r-release-osx-x86_64 0.9.3 NOTE
r-oldrel-windows-ix86+x86_64 0.9.3 11.00 89.00 100.00 OK
r-oldrel-osx-x86_64 0.9.3 NOTE

Check Details

Version: 0.9.3
Check: dependencies in R code
Result: NOTE
    Namespace in Imports field not imported from: ‘ranger’
     All declared Imports should be used.
Flavors: r-devel-linux-x86_64-fedora-clang, r-devel-linux-x86_64-fedora-gcc, r-patched-solaris-x86, r-release-osx-x86_64, r-oldrel-osx-x86_64