Last updated on 2019-04-21 01:47:39 CEST.
Flavor | Version | Tinstall | Tcheck | Ttotal | Status | Flags |
---|---|---|---|---|---|---|
r-devel-linux-x86_64-debian-clang | 0.0.1 | 7.88 | 16.56 | 24.44 | WARN | --no-examples --no-tests --no-vignettes |
r-devel-linux-x86_64-debian-gcc | 0.0.1 | 6.38 | 17.68 | 24.06 | WARN | --no-examples --no-tests --no-vignettes |
r-patched-linux-x86_64 | 0.0.1 | 6.10 | 16.76 | 22.86 | WARN | --no-examples --no-tests --no-vignettes |
r-release-linux-x86_64 | 0.0.1 | 6.17 | 16.06 | 22.23 | WARN | --no-examples --no-tests --no-vignettes |
r-release-windows-ix86+x86_64 | 0.0.1 | 1.00 | 3.00 | 4.00 | ERROR | |
r-release-osx-x86_64 | 0.0.1 | ERROR | ||||
r-oldrel-windows-ix86+x86_64 | 0.0.1 | 1.00 | 2.00 | 3.00 | ERROR | |
r-oldrel-osx-x86_64 | 0.0.1 | ERROR |
Version: 0.0.1
Flags: --no-examples --no-tests --no-vignettes
Check: whether package can be installed
Result: WARN
Found the following significant warnings:
Blasso.cpp:451:51: warning: assigning field to itself [-Wself-assign-field]
Flavor: r-devel-linux-x86_64-debian-clang
Version: 0.0.1
Flags: --no-examples --no-tests --no-vignettes
Check: whether package can be installed
Result: WARN
Found the following significant warnings:
Blasso.cpp:451:53: warning: ‘*<unknown>.Blasso::icept’ is used uninitialized in this function [-Wuninitialized]
Flavors: r-devel-linux-x86_64-debian-gcc, r-patched-linux-x86_64, r-release-linux-x86_64
Version: 0.0.1
Check: whether package can be installed
Result: ERROR
Installation failed.
Flavors: r-release-windows-ix86+x86_64, r-release-osx-x86_64, r-oldrel-windows-ix86+x86_64, r-oldrel-osx-x86_64