Last updated on 2019-04-21 01:47:40 CEST.
Flavor | Version | Tinstall | Tcheck | Ttotal | Status | Flags |
---|---|---|---|---|---|---|
r-devel-linux-x86_64-debian-clang | 1.0 | 7.78 | 57.20 | 64.98 | NOTE | |
r-devel-linux-x86_64-debian-gcc | 1.0 | 7.08 | 50.16 | 57.24 | NOTE | |
r-devel-linux-x86_64-fedora-clang | 1.0 | 79.47 | NOTE | |||
r-devel-linux-x86_64-fedora-gcc | 1.0 | 77.65 | NOTE | |||
r-devel-windows-ix86+x86_64 | 1.0 | 21.00 | 97.00 | 118.00 | NOTE | |
r-patched-linux-x86_64 | 1.0 | 6.66 | 56.12 | 62.78 | NOTE | |
r-patched-solaris-x86 | 1.0 | 125.90 | NOTE | |||
r-release-linux-x86_64 | 1.0 | 5.72 | 54.45 | 60.17 | NOTE | |
r-release-windows-ix86+x86_64 | 1.0 | 9.00 | 93.00 | 102.00 | NOTE | |
r-release-osx-x86_64 | 1.0 | NOTE | ||||
r-oldrel-windows-ix86+x86_64 | 1.0 | 10.00 | 91.00 | 101.00 | NOTE | |
r-oldrel-osx-x86_64 | 1.0 | NOTE |
Version: 1.0
Check: R code for possible problems
Result: NOTE
MHratioPopPref: no visible global function definition for 'runif'
MratioPopMult: no visible global function definition for 'dunif'
MratioPopMult: no visible global function definition for 'runif'
bayesPref: no visible global function definition for 'runif'
calcP: no visible global function definition for 'dunif'
calcP: no visible global function definition for 'dmultinom'
calcdic: no visible global function definition for 'median'
calcdic: no visible binding for global variable 'median'
calcdic: no visible global function definition for 'dmultinom'
calcdicExtern: no visible global function definition for 'median'
calcdicExtern: no visible global function definition for 'dmultinom'
calcdicExtern: no visible binding for global variable 'median'
credibleIntervals: no visible global function definition for 'quantile'
prefPlot: no visible global function definition for 'postscript'
prefPlot: no visible global function definition for 'plot'
prefPlot: no visible global function definition for 'lines'
prefPlot: no visible global function definition for 'density'
prefPlot: no visible global function definition for 'median'
prefPlot: no visible global function definition for 'legend'
prefPlot: no visible global function definition for 'dev.off'
Undefined global functions or variables:
density dev.off dmultinom dunif legend lines median plot postscript
quantile runif
Consider adding
importFrom("grDevices", "dev.off", "postscript")
importFrom("graphics", "legend", "lines", "plot")
importFrom("stats", "density", "dmultinom", "dunif", "median",
"quantile", "runif")
to your NAMESPACE file.
Flavors: r-devel-linux-x86_64-debian-clang, r-devel-linux-x86_64-debian-gcc, r-devel-linux-x86_64-fedora-clang, r-devel-linux-x86_64-fedora-gcc, r-devel-windows-ix86+x86_64, r-patched-linux-x86_64, r-patched-solaris-x86, r-release-linux-x86_64, r-release-windows-ix86+x86_64, r-release-osx-x86_64, r-oldrel-windows-ix86+x86_64, r-oldrel-osx-x86_64