CRAN Package Check Results for Package bfa

Last updated on 2019-04-21 01:47:40 CEST.

Flavor Version Tinstall Tcheck Ttotal Status Flags
r-devel-linux-x86_64-debian-clang 0.4 99.91 30.04 129.95 OK
r-devel-linux-x86_64-debian-gcc 0.4 81.53 27.00 108.53 OK
r-devel-linux-x86_64-fedora-clang 0.4 196.61 NOTE
r-devel-linux-x86_64-fedora-gcc 0.4 182.53 NOTE
r-devel-windows-ix86+x86_64 0.4 232.00 66.00 298.00 OK
r-patched-linux-x86_64 0.4 90.72 29.91 120.63 OK
r-patched-solaris-x86 0.4 187.20 OK
r-release-linux-x86_64 0.4 97.45 28.03 125.48 OK
r-release-windows-ix86+x86_64 0.4 181.00 86.00 267.00 OK
r-release-osx-x86_64 0.4 OK
r-oldrel-windows-ix86+x86_64 0.4 163.00 79.00 242.00 OK
r-oldrel-osx-x86_64 0.4 OK

Check Details

Version: 0.4
Check: compiled code
Result: NOTE
    File ‘bfa/libs/bfa.so’:
     Found no calls to: ‘R_registerRoutines’, ‘R_useDynamicSymbols’
    
    It is good practice to register native routines and to disable symbol
    search.
    
    See ‘Writing portable packages’ in the ‘Writing R Extensions’ manual.
Flavors: r-devel-linux-x86_64-fedora-clang, r-devel-linux-x86_64-fedora-gcc