Last updated on 2019-04-21 01:47:40 CEST.
Flavor | Version | Tinstall | Tcheck | Ttotal | Status | Flags |
---|---|---|---|---|---|---|
r-devel-linux-x86_64-debian-clang | 0.1.3 | 1.23 | 17.59 | 18.82 | NOTE | |
r-devel-linux-x86_64-debian-gcc | 0.1.3 | 1.79 | 17.57 | 19.36 | NOTE | |
r-devel-linux-x86_64-fedora-clang | 0.1.3 | 22.45 | NOTE | |||
r-devel-linux-x86_64-fedora-gcc | 0.1.3 | 21.68 | NOTE | |||
r-devel-windows-ix86+x86_64 | 0.1.3 | 5.00 | 28.00 | 33.00 | NOTE | |
r-patched-linux-x86_64 | 0.1.3 | 1.26 | 17.58 | 18.84 | NOTE | |
r-patched-solaris-x86 | 0.1.3 | 36.50 | NOTE | |||
r-release-linux-x86_64 | 0.1.3 | 0.67 | 16.58 | 17.25 | NOTE | |
r-release-windows-ix86+x86_64 | 0.1.3 | 2.00 | 27.00 | 29.00 | NOTE | |
r-release-osx-x86_64 | 0.1.3 | NOTE | ||||
r-oldrel-windows-ix86+x86_64 | 0.1.3 | 3.00 | 27.00 | 30.00 | NOTE | |
r-oldrel-osx-x86_64 | 0.1.3 | NOTE |
Version: 0.1.3
Check: DESCRIPTION meta-information
Result: NOTE
Checking should be performed on sources prepared by 'R CMD build'.
Flavors: r-devel-linux-x86_64-debian-clang, r-devel-linux-x86_64-debian-gcc, r-devel-linux-x86_64-fedora-clang, r-devel-linux-x86_64-fedora-gcc, r-devel-windows-ix86+x86_64, r-patched-linux-x86_64, r-patched-solaris-x86, r-release-linux-x86_64, r-release-windows-ix86+x86_64, r-release-osx-x86_64, r-oldrel-windows-ix86+x86_64, r-oldrel-osx-x86_64