CRAN Package Check Results for Package bigstep

Last updated on 2019-04-21 01:47:40 CEST.

Flavor Version Tinstall Tcheck Ttotal Status Flags
r-devel-linux-x86_64-debian-clang 1.0.1 6.88 70.11 76.99 OK
r-devel-linux-x86_64-debian-gcc 1.0.1 6.93 59.24 66.17 OK
r-devel-linux-x86_64-fedora-clang 1.0.1 90.16 NOTE
r-devel-linux-x86_64-fedora-gcc 1.0.1 88.25 NOTE
r-devel-windows-ix86+x86_64 1.0.1 19.00 87.00 106.00 OK
r-patched-linux-x86_64 1.0.1 6.14 68.44 74.58 OK
r-patched-solaris-x86 1.0.1 137.60 NOTE
r-release-linux-x86_64 1.0.1 3.30 68.18 71.48 OK
r-release-windows-ix86+x86_64 1.0.1 8.00 112.00 120.00 OK
r-release-osx-x86_64 1.0.1 NOTE
r-oldrel-windows-ix86+x86_64 0.7.4 11.00 106.00 117.00 OK
r-oldrel-osx-x86_64 1.0.1 ERROR

Check Details

Version: 1.0.1
Check: dependencies in R code
Result: NOTE
    Namespace in Imports field not imported from: ‘methods’
     All declared Imports should be used.
Flavors: r-devel-linux-x86_64-fedora-clang, r-devel-linux-x86_64-fedora-gcc, r-patched-solaris-x86, r-release-osx-x86_64

Version: 1.0.1
Check: whether package can be installed
Result: ERROR
    Installation failed.
Flavor: r-oldrel-osx-x86_64