CRAN Package Check Results for Package blandr

Last updated on 2019-04-21 01:47:40 CEST.

Flavor Version Tinstall Tcheck Ttotal Status Flags
r-devel-linux-x86_64-debian-clang 0.5.1 11.70 51.13 62.83 OK
r-devel-linux-x86_64-debian-gcc 0.5.1 10.95 43.26 54.21 OK
r-devel-linux-x86_64-fedora-clang 0.5.1 77.13 NOTE
r-devel-linux-x86_64-fedora-gcc 0.5.1 73.79 NOTE
r-devel-windows-ix86+x86_64 0.5.1 32.00 108.00 140.00 OK
r-patched-linux-x86_64 0.5.1 15.66 49.54 65.20 OK
r-patched-solaris-x86 0.5.1 112.50 NOTE
r-release-linux-x86_64 0.5.1 10.49 48.86 59.35 OK
r-release-windows-ix86+x86_64 0.5.1 17.00 109.00 126.00 OK
r-release-osx-x86_64 0.5.1 NOTE
r-oldrel-windows-ix86+x86_64 0.5.1 13.00 102.00 115.00 OK
r-oldrel-osx-x86_64 0.5.1 NOTE

Check Details

Version: 0.5.1
Check: dependencies in R code
Result: NOTE
    Namespaces in Imports field not imported from:
     ‘R6’ ‘knitr’
     All declared Imports should be used.
Flavors: r-devel-linux-x86_64-fedora-clang, r-devel-linux-x86_64-fedora-gcc, r-patched-solaris-x86, r-release-osx-x86_64, r-oldrel-osx-x86_64