CRAN Package Check Results for Package bpbounds

Last updated on 2019-04-21 01:47:41 CEST.

Flavor Version Tinstall Tcheck Ttotal Status Flags
r-devel-linux-x86_64-debian-clang 0.1.3 2.03 26.56 28.59 OK
r-devel-linux-x86_64-debian-gcc 0.1.3 2.55 24.58 27.13 OK
r-devel-linux-x86_64-fedora-clang 0.1.3 34.74 NOTE
r-devel-linux-x86_64-fedora-gcc 0.1.3 33.23 NOTE
r-devel-windows-ix86+x86_64 0.1.3 6.00 43.00 49.00 OK
r-patched-linux-x86_64 0.1.3 2.18 26.80 28.98 OK
r-patched-solaris-x86 0.1.3 50.20 NOTE
r-release-linux-x86_64 0.1.3 1.61 25.74 27.35 OK
r-release-windows-ix86+x86_64 0.1.3 3.00 42.00 45.00 OK
r-release-osx-x86_64 0.1.3 NOTE
r-oldrel-osx-x86_64 0.1.3 ERROR

Check Details

Version: 0.1.3
Check: dependencies in R code
Result: NOTE
    Namespace in Imports field not imported from: ‘methods’
     All declared Imports should be used.
Flavors: r-devel-linux-x86_64-fedora-clang, r-devel-linux-x86_64-fedora-gcc, r-patched-solaris-x86, r-release-osx-x86_64

Version: 0.1.3
Check: whether package can be installed
Result: ERROR
    Installation failed.
Flavor: r-oldrel-osx-x86_64