Last updated on 2019-04-21 01:47:41 CEST.
Flavor | Version | Tinstall | Tcheck | Ttotal | Status | Flags |
---|---|---|---|---|---|---|
r-devel-linux-x86_64-debian-clang | 0.2.4 | 10.67 | 142.84 | 153.51 | NOTE | |
r-devel-linux-x86_64-debian-gcc | 0.2.4 | 9.32 | 112.58 | 121.90 | NOTE | |
r-devel-linux-x86_64-fedora-clang | 0.2.4 | 171.07 | NOTE | |||
r-devel-linux-x86_64-fedora-gcc | 0.2.4 | 175.67 | NOTE | |||
r-devel-windows-ix86+x86_64 | 0.2.4 | 34.00 | 205.00 | 239.00 | NOTE | |
r-patched-linux-x86_64 | 0.2.4 | 9.64 | 139.40 | 149.04 | NOTE | |
r-patched-solaris-x86 | 0.2.4 | 276.00 | NOTE | |||
r-release-linux-x86_64 | 0.2.4 | 6.30 | 137.41 | 143.71 | NOTE | |
r-release-windows-ix86+x86_64 | 0.2.4 | 14.00 | 205.00 | 219.00 | NOTE | |
r-release-osx-x86_64 | 0.2.4 | NOTE | ||||
r-oldrel-windows-ix86+x86_64 | 0.2.4 | 17.00 | 268.00 | 285.00 | OK | |
r-oldrel-osx-x86_64 | 0.2.4 | ERROR |
Version: 0.2.4
Check: package dependencies
Result: NOTE
Package suggested but not available for checking: 'glmmADMB'
Flavors: r-devel-linux-x86_64-debian-clang, r-devel-linux-x86_64-debian-gcc, r-devel-linux-x86_64-fedora-clang, r-devel-linux-x86_64-fedora-gcc, r-devel-windows-ix86+x86_64, r-patched-linux-x86_64, r-patched-solaris-x86, r-release-linux-x86_64, r-release-windows-ix86+x86_64, r-release-osx-x86_64, r-oldrel-osx-x86_64
Version: 0.2.4
Check: tests
Result: ERROR
Running ‘test-all.R’ [44s/44s]
Running the tests in ‘tests/test-all.R’ failed.
Last 13 lines of output:
4. Failure: (unknown) (@test-alltibbles.R#54)
5. Failure: (unknown) (@test-alltibbles.R#53)
6. Failure: (unknown) (@test-alltibbles.R#53)
7. Failure: (unknown) (@test-alltibbles.R#53)
8. Failure: (unknown) (@test-alltibbles.R#54)
9. Failure: (unknown) (@test-alltibbles.R#54)
1. ...
Error: testthat unit tests failed
In addition: Warning message:
In checkMatrixPackageVersion() : Package version inconsistency detected.
TMB was built with Matrix version 1.2.15
Current Matrix version is 1.2.17
Please re-install 'TMB' from source using install.packages('TMB', type = 'source') or ask CRAN for a binary version of 'TMB' matching CRAN's 'Matrix' package
Execution halted
Flavor: r-oldrel-osx-x86_64