Last updated on 2019-04-21 01:47:41 CEST.
Flavor | Version | Tinstall | Tcheck | Ttotal | Status | Flags |
---|---|---|---|---|---|---|
r-devel-linux-x86_64-debian-clang | 0.4.0 | 8.03 | 77.16 | 85.19 | OK | |
r-devel-linux-x86_64-debian-gcc | 0.4.0 | 9.27 | 63.76 | 73.03 | OK | |
r-devel-linux-x86_64-fedora-clang | 0.4.0 | 104.27 | OK | |||
r-devel-linux-x86_64-fedora-gcc | 0.4.0 | 100.09 | OK | |||
r-devel-windows-ix86+x86_64 | 0.4.0 | 30.00 | 107.00 | 137.00 | OK | |
r-patched-linux-x86_64 | 0.4.0 | 9.53 | 76.78 | 86.31 | OK | |
r-patched-solaris-x86 | 0.4.0 | 173.30 | OK | |||
r-release-linux-x86_64 | 0.4.0 | 6.02 | 73.07 | 79.09 | OK | |
r-release-windows-ix86+x86_64 | 0.4.0 | 13.00 | 127.00 | 140.00 | OK | |
r-release-osx-x86_64 | 0.4.0 | OK | ||||
r-oldrel-windows-ix86+x86_64 | 0.4.0 | 21.00 | 139.00 | 160.00 | OK | |
r-oldrel-osx-x86_64 | 0.4.0 | WARN |
Version: 0.4.0
Check: Rd cross-references
Result: WARN
Missing link or links in documentation object 'phylomatic_names.Rd':
‘[taxize:use_entrez]{taxize::use_entrez()}’
See section 'Cross-references' in the 'Writing R Extensions' manual.
Flavor: r-oldrel-osx-x86_64