CRAN Package Check Results for Package c3net

Last updated on 2019-04-21 01:47:41 CEST.

Flavor Version Tinstall Tcheck Ttotal Status Flags
r-devel-linux-x86_64-debian-clang 1.1.1 2.31 53.04 55.35 NOTE
r-devel-linux-x86_64-debian-gcc 1.1.1 2.49 40.33 42.82 NOTE
r-devel-linux-x86_64-fedora-clang 1.1.1 65.34 NOTE
r-devel-linux-x86_64-fedora-gcc 1.1.1 56.55 NOTE
r-devel-windows-ix86+x86_64 1.1.1 8.00 97.00 105.00 NOTE
r-patched-linux-x86_64 1.1.1 2.31 47.32 49.63 NOTE
r-patched-solaris-x86 1.1.1 110.00 NOTE
r-release-linux-x86_64 1.1.1 1.65 43.74 45.39 NOTE
r-release-windows-ix86+x86_64 1.1.1 3.00 92.00 95.00 NOTE
r-release-osx-x86_64 1.1.1 NOTE
r-oldrel-windows-ix86+x86_64 1.1.1 3.00 97.00 100.00 NOTE
r-oldrel-osx-x86_64 1.1.1 NOTE

Check Details

Version: 1.1.1
Check: R code for possible problems
Result: NOTE
    makemim: no visible global function definition for 'cor'
    sigtestMTC: no visible global function definition for 'p.adjust'
    Undefined global functions or variables:
     cor p.adjust
    Consider adding
     importFrom("stats", "cor", "p.adjust")
    to your NAMESPACE file.
Flavors: r-devel-linux-x86_64-debian-clang, r-devel-linux-x86_64-debian-gcc, r-devel-linux-x86_64-fedora-clang, r-devel-linux-x86_64-fedora-gcc, r-devel-windows-ix86+x86_64, r-patched-linux-x86_64, r-patched-solaris-x86, r-release-linux-x86_64, r-release-windows-ix86+x86_64, r-release-osx-x86_64, r-oldrel-windows-ix86+x86_64, r-oldrel-osx-x86_64