Last updated on 2019-04-21 01:47:42 CEST.
Flavor | Version | Tinstall | Tcheck | Ttotal | Status | Flags |
---|---|---|---|---|---|---|
r-devel-linux-x86_64-debian-clang | 1.0.3 | 9.70 | 76.19 | 85.89 | OK | |
r-devel-linux-x86_64-debian-gcc | 1.0.3 | 7.71 | 77.53 | 85.24 | OK | |
r-devel-linux-x86_64-fedora-clang | 1.0.3 | 99.92 | OK | |||
r-devel-linux-x86_64-fedora-gcc | 1.0.3 | 98.41 | OK | |||
r-devel-windows-ix86+x86_64 | 1.0.3 | 23.00 | 84.00 | 107.00 | OK | |
r-patched-linux-x86_64 | 1.0.3 | 8.45 | 74.79 | 83.24 | OK | |
r-patched-solaris-x86 | 1.0.3 | 161.20 | OK | |||
r-release-linux-x86_64 | 1.0.3 | 4.90 | 73.05 | 77.95 | OK | |
r-release-windows-ix86+x86_64 | 1.0.3 | 10.00 | 129.00 | 139.00 | OK | |
r-release-osx-x86_64 | 1.0.3 | OK | ||||
r-oldrel-windows-ix86+x86_64 | 1.0.3 | 10.00 | 116.00 | 126.00 | OK | |
r-oldrel-osx-x86_64 | 1.0.3 | ERROR |
Version: 1.0.3
Check: package dependencies
Result: ERROR
Package required but not available: ‘copula’
See section ‘The DESCRIPTION file’ in the ‘Writing R Extensions’
manual.
Flavor: r-oldrel-osx-x86_64