CRAN Package Check Results for Package ceterisParibus

Last updated on 2019-04-21 01:47:42 CEST.

Flavor Version Tinstall Tcheck Ttotal Status Flags
r-devel-linux-x86_64-debian-clang 0.3.1 5.23 289.26 294.49 OK
r-devel-linux-x86_64-debian-gcc 0.3.1 4.33 238.44 242.77 OK
r-devel-linux-x86_64-fedora-clang 0.3.1 349.82 NOTE
r-devel-linux-x86_64-fedora-gcc 0.3.1 333.85 NOTE
r-devel-windows-ix86+x86_64 0.3.1 18.00 611.00 629.00 OK
r-patched-linux-x86_64 0.3.1 4.60 275.73 280.33 OK
r-patched-solaris-x86 0.3.1 771.10 NOTE
r-release-linux-x86_64 0.3.1 3.72 316.30 320.02 OK
r-release-windows-ix86+x86_64 0.3.1 8.00 513.00 521.00 OK
r-release-osx-x86_64 0.3.1 NOTE
r-oldrel-windows-ix86+x86_64 0.3.1 14.00 600.00 614.00 OK
r-oldrel-osx-x86_64 0.3.1 NOTE

Check Details

Version: 0.3.1
Check: dependencies in R code
Result: NOTE
    Namespace in Imports field not imported from: ‘knitr’
     All declared Imports should be used.
Flavors: r-devel-linux-x86_64-fedora-clang, r-devel-linux-x86_64-fedora-gcc, r-patched-solaris-x86, r-release-osx-x86_64, r-oldrel-osx-x86_64

Version: 0.3.1
Check: installed package size
Result: NOTE
     installed size is 5.3Mb
     sub-directories of 1Mb or more:
     doc 5.1Mb
Flavor: r-patched-solaris-x86