CRAN Package Check Results for Package climbeR

Last updated on 2019-04-21 01:47:42 CEST.

Flavor Version Tinstall Tcheck Ttotal Status Flags
r-devel-linux-x86_64-debian-clang 0.0.1 3.11 53.12 56.23 OK
r-devel-linux-x86_64-debian-gcc 0.0.1 3.31 43.34 46.65 OK
r-devel-linux-x86_64-fedora-clang 0.0.1 64.30 OK
r-devel-linux-x86_64-fedora-gcc 0.0.1 61.93 OK
r-devel-windows-ix86+x86_64 0.0.1 17.00 88.00 105.00 OK
r-patched-linux-x86_64 0.0.1 3.08 51.10 54.18 OK
r-patched-solaris-x86 0.0.1 117.00 OK
r-release-linux-x86_64 0.0.1 2.32 50.47 52.79 NOTE
r-release-windows-ix86+x86_64 0.0.1 5.00 90.00 95.00 OK
r-release-osx-x86_64 0.0.1 OK
r-oldrel-windows-ix86+x86_64 0.0.1 9.00 97.00 106.00 OK
r-oldrel-osx-x86_64 0.0.1 OK

Check Details

Version: 0.0.1
Check: DESCRIPTION meta-information
Result: NOTE
    Dependence on R version ‘3.3.2’ not with patchlevel 0
Flavor: r-release-linux-x86_64