Last updated on 2019-04-21 01:47:43 CEST.
Flavor | Version | Tinstall | Tcheck | Ttotal | Status | Flags |
---|---|---|---|---|---|---|
r-devel-linux-x86_64-debian-clang | 0.3-2.1 | 6.31 | 30.25 | 36.56 | OK | |
r-devel-linux-x86_64-debian-gcc | 0.3-2.1 | 5.17 | 26.85 | 32.02 | OK | |
r-devel-linux-x86_64-fedora-clang | 0.3-2.1 | 42.85 | NOTE | |||
r-devel-linux-x86_64-fedora-gcc | 0.3-2.1 | 40.20 | NOTE | |||
r-devel-windows-ix86+x86_64 | 0.3-2.1 | 23.00 | 53.00 | 76.00 | OK | |
r-patched-linux-x86_64 | 0.3-2.1 | 5.39 | 29.83 | 35.22 | OK | |
r-patched-solaris-x86 | 0.3-2.1 | 69.00 | OK | |||
r-release-linux-x86_64 | 0.3-2.1 | 4.51 | 28.50 | 33.01 | OK | |
r-release-windows-ix86+x86_64 | 0.3-2.1 | 41.00 | 67.00 | 108.00 | OK | |
r-release-osx-x86_64 | 0.3-2.1 | OK | ||||
r-oldrel-windows-ix86+x86_64 | 0.3-2.1 | 14.00 | 67.00 | 81.00 | OK | |
r-oldrel-osx-x86_64 | 0.3-2.1 | OK |
Version: 0.3-2.1
Check: compiled code
Result: NOTE
File ‘clv/libs/clv.so’:
Found no calls to: ‘R_registerRoutines’, ‘R_useDynamicSymbols’
It is good practice to register native routines and to disable symbol
search.
See ‘Writing portable packages’ in the ‘Writing R Extensions’ manual.
Flavors: r-devel-linux-x86_64-fedora-clang, r-devel-linux-x86_64-fedora-gcc