CRAN Package Check Results for Package codebook

Last updated on 2019-04-21 01:47:43 CEST.

Flavor Version Tinstall Tcheck Ttotal Status Flags
r-devel-linux-x86_64-debian-clang 0.8.0 6.60 202.32 208.92 OK
r-devel-linux-x86_64-debian-gcc 0.8.0 6.04 171.05 177.09 OK
r-devel-linux-x86_64-fedora-clang 0.8.0 237.67 NOTE
r-devel-linux-x86_64-fedora-gcc 0.8.0 231.85 NOTE
r-devel-windows-ix86+x86_64 0.8.0 31.00 305.00 336.00 OK
r-patched-linux-x86_64 0.8.0 6.14 196.68 202.82 OK
r-patched-solaris-x86 0.8.0 429.50 WARN
r-release-linux-x86_64 0.8.0 4.23 188.34 192.57 OK
r-release-windows-ix86+x86_64 0.8.0 11.00 214.00 225.00 OK
r-release-osx-x86_64 0.8.0 WARN
r-oldrel-windows-ix86+x86_64 0.8.0 18.00 328.00 346.00 OK
r-oldrel-osx-x86_64 0.8.0 WARN

Check Details

Version: 0.8.0
Check: dependencies in R code
Result: NOTE
    Namespaces in Imports field not imported from:
     ‘graphics’ ‘jsonlite’ ‘pander’ ‘rlang’
     All declared Imports should be used.
Flavors: r-devel-linux-x86_64-fedora-clang, r-devel-linux-x86_64-fedora-gcc, r-patched-solaris-x86, r-release-osx-x86_64, r-oldrel-osx-x86_64

Version: 0.8.0
Check: data for non-ASCII characters
Result: NOTE
     Note: found 65 marked UTF-8 strings
Flavors: r-devel-linux-x86_64-fedora-clang, r-devel-linux-x86_64-fedora-gcc, r-patched-solaris-x86, r-release-osx-x86_64, r-oldrel-osx-x86_64

Version: 0.8.0
Check: re-building of vignette outputs
Result: WARN
    Error(s) in re-building vignettes:
     ...
    --- re-building ‘codebook.Rmd’ using rmarkdown
    Warning in engine$weave(file, quiet = quiet, encoding = enc) :
     Pandoc (>= 1.12.3) and/or pandoc-citeproc not available. Falling back to R Markdown v1.
    Registered S3 methods overwritten by 'codebook':
     method from
     as_factor.character forcats
     as_factor.numeric forcats
    Quitting from lines 86-87 (codebook.Rmd)
    Error: processing vignette 'codebook.Rmd' failed with diagnostics:
    missing value where TRUE/FALSE needed
    --- failed re-building ‘codebook.Rmd’
    
    --- re-building ‘codebook_qualtrics.Rmd’ using rmarkdown
    Warning in engine$weave(file, quiet = quiet, encoding = enc) :
     Pandoc (>= 1.12.3) and/or pandoc-citeproc not available. Falling back to R Markdown v1.
    Registered S3 methods overwritten by 'codebook':
     method from
     as_factor.character forcats
     as_factor.numeric forcats
    
    Attaching package: 'dplyr'
    
    The following objects are masked from 'package:stats':
    
     filter, lag
    
    The following objects are masked from 'package:base':
    
     intersect, setdiff, setequal, union
    
    Warning: Unknown or uninitialised column: 'foreign'.
    Warning: Unknown or uninitialised column: 'foreign'.
    Warning: Unknown or uninitialised column: 'foreign'.
    Warning in if (grepl("labelled", class(x[[i]]))) { :
     the condition has length > 1 and only the first element will be used
    Warning: Unknown or uninitialised column: 'foreign'.
    Warning in if (grepl("labelled", class(x[[i]]))) { :
     the condition has length > 1 and only the first element will be used
    Warning: Unknown or uninitialised column: 'foreign'.
    Warning: Unknown or uninitialised column: 'foreign'.
    Warning: Unknown or uninitialised column: 'foreign'.
    Warning: Unknown or uninitialised column: 'foreign'.
    Warning: Unknown or uninitialised column: 'foreign'.
    Warning: Unknown or uninitialised column: 'foreign'.
    Warning: Unknown or uninitialised column: 'foreign'.
    Warning: Unknown or uninitialised column: 'foreign'.
    Warning in if (grepl("labelled", class(x[[i]]))) { :
     the condition has length > 1 and only the first element will be used
    Warning: Unknown or uninitialised column: 'foreign'.
    Warning in if (grepl("labelled", class(x[[i]]))) { :
     the condition has length > 1 and only the first element will be used
    Warning: Unknown or uninitialised column: 'foreign'.
    Warning in if (grepl("labelled", class(x[[i]]))) { :
     the condition has length > 1 and only the first element will be used
    Warning: Unknown or uninitialised column: 'foreign'.
    Warning in if (grepl("labelled", class(x[[i]]))) { :
     the condition has length > 1 and only the first element will be used
    Warning: Unknown or uninitialised column: 'foreign'.
    Warning in if (grepl("labelled", class(x[[i]]))) { :
     the condition has length > 1 and only the first element will be used
    Warning: Unknown or uninitialised column: 'foreign'.
    Warning in if (grepl("labelled", class(x[[i]]))) { :
     the condition has length > 1 and only the first element will be used
    Warning: Unknown or uninitialised column: 'foreign'.
    Warning in if (grepl("labelled", class(x[[i]]))) { :
     the condition has length > 1 and only the first element will be used
    Warning: Unknown or uninitialised column: 'foreign'.
    Warning in if (grepl("labelled", class(x[[i]]))) { :
     the condition has length > 1 and only the first element will be used
    Warning: Unknown or uninitialised column: 'foreign'.
    Warning in if (grepl("labelled", class(x[[i]]))) { :
     the condition has length > 1 and only the first element will be used
    Warning: Unknown or uninitialised column: 'foreign'.
    Warning in if (grepl("labelled", class(x[[i]]))) { :
     the condition has length > 1 and only the first element will be used
    Warning: Unknown or uninitialised column: 'foreign'.
    Warning in if (grepl("labelled", class(x[[i]]))) { :
     the condition has length > 1 and only the first element will be used
    Warning: Unknown or uninitialised column: 'foreign'.
    Warning: Unknown or uninitialised column: 'foreign'.
    Warning in if (grepl("labelled", class(x[[i]]))) { :
     the condition has length > 1 and only the first element will be used
    Warning: Unknown or uninitialised column: 'foreign'.
    Warning in if (grepl("labelled", class(x[[i]]))) { :
     the condition has length > 1 and only the first element will be used
    Warning: Unknown or uninitialised column: 'foreign'.
    Warning in if (grepl("labelled", class(x[[i]]))) { :
     the condition has length > 1 and only the first element will be used
    Warning: Unknown or uninitialised column: 'foreign'.
    Warning in if (grepl("labelled", class(x[[i]]))) { :
     the condition has length > 1 and only the first element will be used
    Warning: Unknown or uninitialised column: 'foreign'.
    Warning in if (grepl("labelled", class(x[[i]]))) { :
     the condition has length > 1 and only the first element will be used
    Warning: Unknown or uninitialised column: 'foreign'.
    Warning in if (grepl("labelled", class(x[[i]]))) { :
     the condition has length > 1 and only the first element will be used
    Warning: Unknown or uninitialised column: 'foreign'.
    Warning: Unknown or uninitialised column: 'foreign'.
    Warning: Unknown or uninitialised column: 'foreign'.
    Warning: Unknown or uninitialised column: 'foreign'.
    Warning: Unknown or uninitialised column: 'foreign'.
    Warning: Unknown or uninitialised column: 'foreign'.
    --- finished re-building ‘codebook_qualtrics.Rmd’
    
    --- re-building ‘codebook_sav.Rmd’ using rmarkdown
    Warning in engine$weave(file, quiet = quiet, encoding = enc) :
     Pandoc (>= 1.12.3) and/or pandoc-citeproc not available. Falling back to R Markdown v1.
    
    Attaching package: 'dplyr'
    
    The following objects are masked from 'package:stats':
    
     filter, lag
    
    The following objects are masked from 'package:base':
    
     intersect, setdiff, setequal, union
    
    Registered S3 methods overwritten by 'codebook':
     method from
     as_factor.character forcats
     as_factor.numeric forcats
    --- finished re-building ‘codebook_sav.Rmd’
    
    --- re-building ‘codebook_tutorial.Rmd’ using rmarkdown
    Warning in engine$weave(file, quiet = quiet, encoding = enc) :
     Pandoc (>= 1.12.3) and/or pandoc-citeproc not available. Falling back to R Markdown v1.
    
    Attaching package: 'dplyr'
    
    The following objects are masked from 'package:stats':
    
     filter, lag
    
    The following objects are masked from 'package:base':
    
     intersect, setdiff, setequal, union
    
    Warning in detect_scales(codebook_data) :
     A items found, but no aggregate
    Warning in detect_scales(codebook_data) :
     C items found, but no aggregate
    Warning in detect_scales(codebook_data) :
     E items found, but no aggregate
    Warning in detect_scales(codebook_data) :
     N items found, but no aggregate
    Warning in detect_scales(codebook_data) :
     O items found, but no aggregate
    --- finished re-building ‘codebook_tutorial.Rmd’
    
    SUMMARY: processing the following file failed:
     ‘codebook.Rmd’
    
    Error: Vignette re-building failed.
    Execution halted
Flavor: r-patched-solaris-x86

Version: 0.8.0
Check: re-building of vignette outputs
Result: WARN
    Error in re-building vignettes:
     ...
    Warning in engine$weave(file, quiet = quiet, encoding = enc) :
     Pandoc (>= 1.12.3) and/or pandoc-citeproc not available. Falling back to R Markdown v1.
    
    LABELLED 2.0.0: BREAKING CHANGE
    
    Following version 2.0.0 of `haven`, `labelled()` and `labelled_spss()` now produce objects with class 'haven_labelled' and 'haven_labelled_spss', due to conflict between the previous 'labelled' class and the 'labelled' class used by `Hmisc`.
    
    A new function `update_labelled()` could be used to convert data imported with an older version of `haven`/`labelled` to the new classes.
    
    Quitting from lines NA-15 (codebook.Rmd)
    Error: processing vignette 'codebook.Rmd' failed with diagnostics:
    cannot open the connection
    Execution halted
Flavors: r-release-osx-x86_64, r-oldrel-osx-x86_64