CRAN Package Check Results for Package comato

Last updated on 2019-04-21 01:47:43 CEST.

Flavor Version Tinstall Tcheck Ttotal Status Flags
r-devel-linux-x86_64-debian-clang 1.1 21.68 174.88 196.56 OK
r-devel-linux-x86_64-debian-gcc 1.1 19.74 138.64 158.38 OK
r-devel-linux-x86_64-fedora-clang 1.1 231.66 OK
r-devel-linux-x86_64-fedora-gcc 1.1 227.79 OK
r-devel-windows-ix86+x86_64 1.1 69.00 202.00 271.00 OK
r-patched-linux-x86_64 1.1 20.88 172.79 193.67 OK
r-patched-solaris-x86 1.1 341.90 OK
r-release-linux-x86_64 1.1 13.74 173.00 186.74 OK
r-release-windows-ix86+x86_64 1.1 27.00 250.00 277.00 OK
r-release-osx-x86_64 1.1 OK
r-oldrel-windows-ix86+x86_64 1.1 25.00 240.00 265.00 OK
r-oldrel-osx-x86_64 1.1 WARN

Check Details

Version: 1.1
Check: whether package can be installed
Result: WARN
    Found the following significant warnings:
     Warning: 'rgl_init' failed, running with rgl.useNULL = TRUE
Flavor: r-oldrel-osx-x86_64