CRAN Package Check Results for Package countrycode

Last updated on 2019-04-21 01:47:43 CEST.

Flavor Version Tinstall Tcheck Ttotal Status Flags
r-devel-linux-x86_64-debian-clang 1.1.0 3.09 19.87 22.96 OK
r-devel-linux-x86_64-debian-gcc 1.1.0 3.42 19.79 23.21 OK
r-devel-linux-x86_64-fedora-clang 1.1.0 28.20 NOTE
r-devel-linux-x86_64-fedora-gcc 1.1.0 27.07 NOTE
r-devel-windows-ix86+x86_64 1.1.0 8.00 44.00 52.00 OK
r-patched-linux-x86_64 1.1.0 2.75 19.95 22.70 OK
r-patched-solaris-x86 1.1.0 45.20 NOTE
r-release-linux-x86_64 1.1.0 2.32 18.16 20.48 OK
r-release-windows-ix86+x86_64 1.1.0 4.00 43.00 47.00 OK
r-release-osx-x86_64 1.1.0 NOTE
r-oldrel-windows-ix86+x86_64 1.1.0 5.00 38.00 43.00 OK
r-oldrel-osx-x86_64 1.1.0 NOTE

Check Details

Version: 1.1.0
Check: data for non-ASCII characters
Result: NOTE
     Note: found 70533 marked UTF-8 strings
Flavors: r-devel-linux-x86_64-fedora-clang, r-devel-linux-x86_64-fedora-gcc, r-patched-solaris-x86, r-release-osx-x86_64, r-oldrel-osx-x86_64