Last updated on 2019-04-21 01:47:43 CEST.
Flavor | Version | Tinstall | Tcheck | Ttotal | Status | Flags |
---|---|---|---|---|---|---|
r-devel-linux-x86_64-debian-clang | 0.1.0 | 5.22 | 56.72 | 61.94 | OK | |
r-devel-linux-x86_64-debian-gcc | 0.1.0 | 4.89 | 48.11 | 53.00 | OK | |
r-devel-linux-x86_64-fedora-clang | 0.1.0 | 72.58 | NOTE | |||
r-devel-linux-x86_64-fedora-gcc | 0.1.0 | 69.79 | NOTE | |||
r-devel-windows-ix86+x86_64 | 0.1.0 | 19.00 | 109.00 | 128.00 | OK | |
r-patched-linux-x86_64 | 0.1.0 | 5.65 | 55.14 | 60.79 | OK | |
r-patched-solaris-x86 | 0.1.0 | 113.10 | NOTE | |||
r-release-linux-x86_64 | 0.1.0 | 4.07 | 54.15 | 58.22 | OK | |
r-release-windows-ix86+x86_64 | 0.1.0 | 7.00 | 102.00 | 109.00 | OK | |
r-release-osx-x86_64 | 0.1.0 | NOTE | ||||
r-oldrel-windows-ix86+x86_64 | 0.1.0 | 11.00 | 101.00 | 112.00 | OK | |
r-oldrel-osx-x86_64 | 0.1.0 | NOTE |
Version: 0.1.0
Check: data for non-ASCII characters
Result: NOTE
Note: found 1 marked UTF-8 string
Flavors: r-devel-linux-x86_64-fedora-clang, r-devel-linux-x86_64-fedora-gcc, r-patched-solaris-x86, r-release-osx-x86_64, r-oldrel-osx-x86_64