CRAN Package Check Results for Package cpca

Last updated on 2019-04-21 01:47:43 CEST.

Flavor Version Tinstall Tcheck Ttotal Status Flags
r-devel-linux-x86_64-debian-clang 0.1.2 1.33 17.25 18.58 NOTE
r-devel-linux-x86_64-debian-gcc 0.1.2 1.85 17.27 19.12 NOTE
r-devel-linux-x86_64-fedora-clang 0.1.2 22.46 NOTE
r-devel-linux-x86_64-fedora-gcc 0.1.2 21.22 NOTE
r-devel-windows-ix86+x86_64 0.1.2 6.00 37.00 43.00 NOTE
r-patched-linux-x86_64 0.1.2 1.41 17.14 18.55 NOTE
r-patched-solaris-x86 0.1.2 34.70 NOTE
r-release-linux-x86_64 0.1.2 0.80 16.07 16.87 NOTE
r-release-windows-ix86+x86_64 0.1.2 2.00 40.00 42.00 NOTE
r-release-osx-x86_64 0.1.2 NOTE
r-oldrel-windows-ix86+x86_64 0.1.2 2.00 36.00 38.00 NOTE
r-oldrel-osx-x86_64 0.1.2 NOTE

Check Details

Version: 0.1.2
Check: DESCRIPTION meta-information
Result: NOTE
    Malformed Description field: should contain one or more complete sentences.
Flavors: r-devel-linux-x86_64-debian-clang, r-devel-linux-x86_64-debian-gcc, r-devel-linux-x86_64-fedora-clang, r-devel-linux-x86_64-fedora-gcc, r-devel-windows-ix86+x86_64, r-patched-linux-x86_64, r-patched-solaris-x86, r-release-linux-x86_64, r-release-windows-ix86+x86_64, r-release-osx-x86_64, r-oldrel-windows-ix86+x86_64, r-oldrel-osx-x86_64