CRAN Package Check Results for Package crsra

Last updated on 2019-04-21 01:47:44 CEST.

Flavor Version Tinstall Tcheck Ttotal Status Flags
r-devel-linux-x86_64-debian-clang 0.2.3 9.85 82.74 92.59 OK
r-devel-linux-x86_64-debian-gcc 0.2.3 9.40 66.45 75.85 OK
r-devel-linux-x86_64-fedora-clang 0.2.3 108.48 NOTE
r-devel-linux-x86_64-fedora-gcc 0.2.3 103.65 NOTE
r-devel-windows-ix86+x86_64 0.2.3 34.00 130.00 164.00 OK
r-patched-linux-x86_64 0.2.3 9.25 79.47 88.72 OK
r-patched-solaris-x86 0.2.3 166.90 NOTE
r-release-linux-x86_64 0.2.3 6.39 77.77 84.16 OK
r-release-windows-ix86+x86_64 0.2.3 13.00 125.00 138.00 OK
r-release-osx-x86_64 0.2.3 NOTE
r-oldrel-windows-ix86+x86_64 0.2.3 18.00 141.00 159.00 OK
r-oldrel-osx-x86_64 0.2.3 NOTE

Check Details

Version: 0.2.3
Check: data for non-ASCII characters
Result: NOTE
     Note: found 500 marked UTF-8 strings
Flavors: r-devel-linux-x86_64-fedora-clang, r-devel-linux-x86_64-fedora-gcc, r-patched-solaris-x86, r-release-osx-x86_64, r-oldrel-osx-x86_64