CRAN Package Check Results for Package cultevo

Last updated on 2019-04-21 01:47:44 CEST.

Flavor Version Tinstall Tcheck Ttotal Status Flags
r-devel-linux-x86_64-debian-clang 1.0.2 2.50 289.34 291.84 OK
r-devel-linux-x86_64-debian-gcc 1.0.2 3.08 226.00 229.08 OK
r-devel-linux-x86_64-fedora-clang 1.0.2 330.85 OK
r-devel-linux-x86_64-fedora-gcc 1.0.2 323.88 OK
r-devel-windows-ix86+x86_64 1.0.2 12.00 379.00 391.00 OK
r-patched-linux-x86_64 1.0.2 3.47 286.07 289.54 OK
r-patched-solaris-x86 1.0.2 682.80 OK
r-release-linux-x86_64 1.0.2 2.45 283.87 286.32 OK
r-release-windows-ix86+x86_64 1.0.2 5.00 75.00 80.00 OK
r-release-osx-x86_64 1.0.2 NOTE
r-oldrel-windows-ix86+x86_64 1.0.2 5.00 74.00 79.00 OK
r-oldrel-osx-x86_64 1.0.2 NOTE

Check Details

Version: 1.0.2
Check: dependencies in R code
Result: NOTE
    Namespace in Imports field not imported from: ‘pspearman’
     All declared Imports should be used.
Flavors: r-release-osx-x86_64, r-oldrel-osx-x86_64