Last updated on 2019-04-21 01:47:44 CEST.
Flavor | Version | Tinstall | Tcheck | Ttotal | Status | Flags |
---|---|---|---|---|---|---|
r-devel-linux-x86_64-debian-clang | 1.1-3 | 110.10 | 87.01 | 197.11 | OK | |
r-devel-linux-x86_64-debian-gcc | 1.1-3 | 92.55 | 70.05 | 162.60 | OK | |
r-devel-linux-x86_64-fedora-clang | 1.1-3 | 295.00 | NOTE | |||
r-devel-linux-x86_64-fedora-gcc | 1.1-3 | 255.60 | OK | |||
r-devel-windows-ix86+x86_64 | 1.1-3 | 340.00 | 213.00 | 553.00 | NOTE | |
r-patched-linux-x86_64 | 1.1-3 | 106.58 | 84.71 | 191.29 | OK | |
r-patched-solaris-x86 | 1.1-3 | 279.20 | OK | |||
r-release-linux-x86_64 | 1.1-3 | 105.55 | 81.52 | 187.07 | OK | |
r-release-windows-ix86+x86_64 | 1.1-3 | 249.00 | 188.00 | 437.00 | NOTE | |
r-release-osx-x86_64 | 1.1-3 | NOTE | ||||
r-oldrel-windows-ix86+x86_64 | 1.1-3 | 236.00 | 194.00 | 430.00 | OK | |
r-oldrel-osx-x86_64 | 1.1-3 | NOTE |
Version: 1.1-3
Check: installed package size
Result: NOTE
installed size is 9.1Mb
sub-directories of 1Mb or more:
doc 2.4Mb
libs 6.3Mb
Flavors: r-devel-linux-x86_64-fedora-clang, r-devel-windows-ix86+x86_64, r-release-windows-ix86+x86_64, r-release-osx-x86_64, r-oldrel-osx-x86_64