Last updated on 2019-04-21 01:47:44 CEST.
Flavor | Version | Tinstall | Tcheck | Ttotal | Status | Flags |
---|---|---|---|---|---|---|
r-devel-linux-x86_64-debian-clang | 2.3-0 | 13.06 | 92.81 | 105.87 | OK | |
r-devel-linux-x86_64-debian-gcc | 2.3-0 | 10.88 | 75.14 | 86.02 | OK | |
r-devel-linux-x86_64-fedora-clang | 2.3-0 | 121.25 | OK | |||
r-devel-linux-x86_64-fedora-gcc | 2.3-0 | 115.67 | OK | |||
r-devel-windows-ix86+x86_64 | 2.3-0 | 35.00 | 142.00 | 177.00 | OK | |
r-patched-linux-x86_64 | 2.3-0 | 9.13 | 88.21 | 97.34 | OK | |
r-patched-solaris-x86 | 2.3-0 | 187.50 | NOTE | |||
r-release-linux-x86_64 | 2.3-0 | 7.38 | 87.30 | 94.68 | OK | |
r-release-windows-ix86+x86_64 | 2.3-0 | 14.00 | 146.00 | 160.00 | OK | |
r-release-osx-x86_64 | 2.3-0 | NOTE | ||||
r-oldrel-windows-ix86+x86_64 | 2.3-0 | 23.00 | 146.00 | 169.00 | OK | |
r-oldrel-osx-x86_64 | 2.3-0 | NOTE |
Version: 2.3-0
Check: package dependencies
Result: NOTE
Package suggested but not available for checking: ‘BRugs’
Flavors: r-patched-solaris-x86, r-release-osx-x86_64, r-oldrel-osx-x86_64