CRAN Package Check Results for Package dextergui

Last updated on 2019-04-21 01:47:45 CEST.

Flavor Version Tinstall Tcheck Ttotal Status Flags
r-devel-linux-x86_64-debian-clang 0.1.6 12.00 77.34 89.34 NOTE
r-devel-linux-x86_64-debian-gcc 0.1.6 11.75 61.66 73.41 NOTE
r-devel-linux-x86_64-fedora-clang 0.1.6 105.19 NOTE
r-devel-linux-x86_64-fedora-gcc 0.1.6 100.17 NOTE
r-devel-windows-ix86+x86_64 0.1.6 40.00 147.00 187.00 NOTE
r-patched-linux-x86_64 0.1.6 13.35 74.26 87.61 NOTE
r-patched-solaris-x86 0.1.6 165.20 NOTE
r-release-linux-x86_64 0.1.6 9.20 73.01 82.21 NOTE
r-release-windows-ix86+x86_64 0.1.6 17.00 98.00 115.00 NOTE
r-release-osx-x86_64 0.1.6 NOTE
r-oldrel-windows-ix86+x86_64 0.1.6 23.00 143.00 166.00 NOTE
r-oldrel-osx-x86_64 0.1.6 NOTE

Check Details

Version: 0.1.6
Check: dependencies in R code
Result: NOTE
    Unexported objects imported by ':::' calls:
     'dexter:::get_resp_data' 'dexter:::qcolors'
     See the note in ?`:::` about the use of this operator.
Flavors: r-devel-linux-x86_64-debian-clang, r-devel-linux-x86_64-debian-gcc, r-devel-linux-x86_64-fedora-clang, r-devel-linux-x86_64-fedora-gcc, r-devel-windows-ix86+x86_64, r-patched-linux-x86_64, r-patched-solaris-x86, r-release-linux-x86_64, r-release-windows-ix86+x86_64, r-release-osx-x86_64, r-oldrel-windows-ix86+x86_64, r-oldrel-osx-x86_64