Last updated on 2019-04-21 01:47:45 CEST.
Flavor | Version | Tinstall | Tcheck | Ttotal | Status | Flags |
---|---|---|---|---|---|---|
r-devel-linux-x86_64-debian-clang | 0.1.0 | 2.18 | 35.43 | 37.61 | OK | |
r-devel-linux-x86_64-debian-gcc | 0.1.0 | 2.14 | 27.66 | 29.80 | OK | |
r-devel-linux-x86_64-fedora-clang | 0.1.0 | 45.57 | OK | |||
r-devel-linux-x86_64-fedora-gcc | 0.1.0 | 42.23 | OK | |||
r-devel-windows-ix86+x86_64 | 0.1.0 | 6.00 | 43.00 | 49.00 | OK | |
r-patched-linux-x86_64 | 0.1.0 | 1.96 | 33.49 | 35.45 | OK | |
r-patched-solaris-x86 | 0.1.0 | 551.10 | OK | |||
r-release-linux-x86_64 | 0.1.0 | 1.24 | 32.77 | 34.01 | OK | |
r-release-windows-ix86+x86_64 | 0.1.0 | 3.00 | 58.00 | 61.00 | OK | |
r-release-osx-x86_64 | 0.1.0 | OK | ||||
r-oldrel-osx-x86_64 | 0.1.0 | ERROR |
Version: 0.1.0
Check: whether package can be installed
Result: ERROR
Installation failed.
Flavor: r-oldrel-osx-x86_64