Last updated on 2019-04-21 01:47:46 CEST.
Flavor | Version | Tinstall | Tcheck | Ttotal | Status | Flags |
---|---|---|---|---|---|---|
r-devel-linux-x86_64-debian-clang | 1.5-3 | 90.10 | 30.21 | 120.31 | OK | |
r-devel-linux-x86_64-debian-gcc | 1.5-3 | 76.59 | 29.49 | 106.08 | OK | |
r-devel-linux-x86_64-fedora-clang | 1.5-3 | 188.97 | NOTE | |||
r-devel-linux-x86_64-fedora-gcc | 1.5-3 | 169.52 | OK | |||
r-devel-windows-ix86+x86_64 | 1.5-3 | 225.00 | 66.00 | 291.00 | OK | |
r-patched-linux-x86_64 | 1.5-3 | 91.81 | 30.02 | 121.83 | OK | |
r-patched-solaris-x86 | 1.5-3 | 179.00 | ERROR | |||
r-release-linux-x86_64 | 1.5-3 | 94.15 | 28.61 | 122.76 | OK | |
r-release-windows-ix86+x86_64 | 1.5-3 | 176.00 | 91.00 | 267.00 | OK | |
r-release-osx-x86_64 | 1.5-3 | OK | ||||
r-oldrel-windows-ix86+x86_64 | 1.5-3 | 167.00 | 87.00 | 254.00 | OK | |
r-oldrel-osx-x86_64 | 1.5-3 | OK |
Version: 1.5-3
Check: installed package size
Result: NOTE
installed size is 5.1Mb
sub-directories of 1Mb or more:
libs 4.8Mb
Flavor: r-devel-linux-x86_64-fedora-clang
Version: 1.5-3
Check: examples
Result: ERROR
Running examples in ‘eDMA-Ex.R’ failed
The error most likely occurred in:
> ### Name: BacktestDMA
> ### Title: Backtest measures for Dynamic Model Averaging and comparison
> ### with Dynamic Model Selection
> ### Aliases: BacktestDMA
>
> ### ** Examples
>
>
> library(eDMA)
>
> ## load data
> data("USData")
>
> ## do DMA, keep the first three predictors fixed and the intercept
> Fit <- DMA(GDPDEF ~ Lag(GDPDEF, 1) + Lag(GDPDEF, 2) + Lag(GDPDEF, 3) +
+ Lag(ROUTP, 1) + Lag(UNEMP, 1), data = USData, vDelta = c(0.9, 0.95, 0.99),
+ vKeep = c(1, 2, 3))
error: sort(): detected NaN
Error in funcEstimate_Eff_par(vY, mF, vDelta, dAlpha, vKeep, dBeta, bZellnerPrior, :
sort(): detected NaN
Calls: DMA -> funcEstimate_Eff_par
Execution halted
Flavor: r-patched-solaris-x86