CRAN Package Check Results for Package evolqg

Last updated on 2019-04-21 01:47:46 CEST.

Flavor Version Tinstall Tcheck Ttotal Status Flags
r-devel-linux-x86_64-debian-clang 0.2-6 30.89 287.15 318.04 OK
r-devel-linux-x86_64-debian-gcc 0.2-6 27.35 280.89 308.24 OK
r-devel-linux-x86_64-fedora-clang 0.2-6 366.04 NOTE
r-devel-linux-x86_64-fedora-gcc 0.2-6 353.41 NOTE
r-devel-windows-ix86+x86_64 0.2-6 96.00 660.00 756.00 OK
r-patched-linux-x86_64 0.2-6 30.62 276.62 307.24 OK
r-patched-solaris-x86 0.2-6 472.90 NOTE
r-release-linux-x86_64 0.2-6 28.57 308.01 336.58 OK
r-release-windows-ix86+x86_64 0.2-6 54.00 694.00 748.00 OK
r-release-osx-x86_64 0.2-6 NOTE
r-oldrel-windows-ix86+x86_64 0.2-6 76.00 679.00 755.00 OK
r-oldrel-osx-x86_64 0.2-5 NOTE

Check Details

Version: 0.2-6
Check: dependencies in R code
Result: NOTE
    Namespace in Imports field not imported from: ‘Rcpp’
     All declared Imports should be used.
Flavors: r-devel-linux-x86_64-fedora-clang, r-devel-linux-x86_64-fedora-gcc, r-patched-solaris-x86, r-release-osx-x86_64

Version: 0.2-5
Check: dependencies in R code
Result: NOTE
    Namespace in Imports field not imported from: ‘Rcpp’
     All declared Imports should be used.
Flavor: r-oldrel-osx-x86_64