CRAN Package Check Results for Package fAsianOptions

Last updated on 2019-04-21 01:47:47 CEST.

Flavor Version Tinstall Tcheck Ttotal Status Flags
r-devel-linux-x86_64-debian-clang 3042.82 9.65 53.26 62.91 OK
r-devel-linux-x86_64-debian-gcc 3042.82 9.04 45.19 54.23 OK
r-devel-linux-x86_64-fedora-clang 3042.82 75.06 NOTE
r-devel-linux-x86_64-fedora-gcc 3042.82 71.10 NOTE
r-devel-windows-ix86+x86_64 3042.82 32.00 127.00 159.00 OK
r-patched-linux-x86_64 3042.82 8.89 53.03 61.92 OK
r-patched-solaris-x86 3042.82 106.00 OK
r-release-linux-x86_64 3042.82 6.79 54.22 61.01 OK
r-release-windows-ix86+x86_64 3042.82 17.00 106.00 123.00 OK
r-release-osx-x86_64 3042.82 OK
r-oldrel-windows-ix86+x86_64 3042.82 16.00 114.00 130.00 OK
r-oldrel-osx-x86_64 3042.82 OK

Check Details

Version: 3042.82
Check: compiled code
Result: NOTE
    File ‘fAsianOptions/libs/fAsianOptions.so’:
     Found no calls to: ‘R_registerRoutines’, ‘R_useDynamicSymbols’
    
    It is good practice to register native routines and to disable symbol
    search.
    
    See ‘Writing portable packages’ in the ‘Writing R Extensions’ manual.
Flavors: r-devel-linux-x86_64-fedora-clang, r-devel-linux-x86_64-fedora-gcc