CRAN Package Check Results for Package fOptions

Last updated on 2019-04-21 01:47:47 CEST.

Flavor Version Tinstall Tcheck Ttotal Status Flags
r-devel-linux-x86_64-debian-clang 3042.86 7.48 55.90 63.38 OK
r-devel-linux-x86_64-debian-gcc 3042.86 7.30 46.19 53.49 OK
r-devel-linux-x86_64-fedora-clang 3042.86 74.01 NOTE
r-devel-linux-x86_64-fedora-gcc 3042.86 70.93 NOTE
r-devel-windows-ix86+x86_64 3042.86 26.00 123.00 149.00 OK
r-patched-linux-x86_64 3042.86 8.40 54.95 63.35 OK
r-patched-solaris-x86 3042.86 111.00 OK
r-release-linux-x86_64 3042.86 5.46 53.85 59.31 OK
r-release-windows-ix86+x86_64 3042.86 14.00 109.00 123.00 OK
r-release-osx-x86_64 3042.86 OK
r-oldrel-windows-ix86+x86_64 3042.86 10.00 118.00 128.00 OK
r-oldrel-osx-x86_64 3042.86 OK

Check Details

Version: 3042.86
Check: compiled code
Result: NOTE
    File ‘fOptions/libs/fOptions.so’:
     Found no calls to: ‘R_registerRoutines’, ‘R_useDynamicSymbols’
    
    It is good practice to register native routines and to disable symbol
    search.
    
    See ‘Writing portable packages’ in the ‘Writing R Extensions’ manual.
Flavors: r-devel-linux-x86_64-fedora-clang, r-devel-linux-x86_64-fedora-gcc