Last updated on 2019-04-21 01:47:47 CEST.
Flavor | Version | Tinstall | Tcheck | Ttotal | Status | Flags |
---|---|---|---|---|---|---|
r-devel-linux-x86_64-debian-clang | 1.0-3 | 2.74 | 29.27 | 32.01 | OK | |
r-devel-linux-x86_64-debian-gcc | 1.0-3 | 2.99 | 26.38 | 29.37 | OK | |
r-devel-linux-x86_64-fedora-clang | 1.0-3 | 37.44 | NOTE | |||
r-devel-linux-x86_64-fedora-gcc | 1.0-3 | 36.01 | NOTE | |||
r-devel-windows-ix86+x86_64 | 1.0-3 | 7.00 | 43.00 | 50.00 | OK | |
r-patched-linux-x86_64 | 1.0-3 | 2.96 | 28.41 | 31.37 | OK | |
r-patched-solaris-x86 | 1.0-3 | 49.70 | OK | |||
r-release-linux-x86_64 | 1.0-3 | 1.96 | 27.44 | 29.40 | OK | |
r-release-windows-ix86+x86_64 | 1.0-3 | 6.00 | 37.00 | 43.00 | OK | |
r-release-osx-x86_64 | 1.0-3 | OK | ||||
r-oldrel-windows-ix86+x86_64 | 1.0-3 | 6.00 | 52.00 | 58.00 | OK | |
r-oldrel-osx-x86_64 | 1.0-3 | OK |
Version: 1.0-3
Check: compiled code
Result: NOTE
File ‘fechner/libs/fechner.so’:
Found no calls to: ‘R_registerRoutines’, ‘R_useDynamicSymbols’
It is good practice to register native routines and to disable symbol
search.
See ‘Writing portable packages’ in the ‘Writing R Extensions’ manual.
Flavors: r-devel-linux-x86_64-fedora-clang, r-devel-linux-x86_64-fedora-gcc