Last updated on 2019-04-21 01:47:47 CEST.
Flavor | Version | Tinstall | Tcheck | Ttotal | Status | Flags |
---|---|---|---|---|---|---|
r-devel-linux-x86_64-debian-clang | 2.2-14 | 36.53 | 84.35 | 120.88 | NOTE | |
r-devel-linux-x86_64-debian-gcc | 2.2-14 | 34.22 | 65.45 | 99.67 | NOTE | |
r-devel-linux-x86_64-fedora-clang | 2.2-14 | 150.81 | NOTE | |||
r-devel-linux-x86_64-fedora-gcc | 2.2-14 | 142.50 | NOTE | |||
r-devel-windows-ix86+x86_64 | 2.2-14 | 119.00 | 124.00 | 243.00 | OK | |
r-patched-linux-x86_64 | 2.2-14 | 35.66 | 82.62 | 118.28 | OK | |
r-patched-solaris-x86 | 2.2-14 | 216.20 | OK | |||
r-release-linux-x86_64 | 2.2-14 | 35.48 | 79.90 | 115.38 | OK | |
r-release-windows-ix86+x86_64 | 2.2-14 | 94.00 | 146.00 | 240.00 | OK | |
r-release-osx-x86_64 | 2.2-14 | OK | ||||
r-oldrel-windows-ix86+x86_64 | 2.2-14 | 86.00 | 147.00 | 233.00 | OK | |
r-oldrel-osx-x86_64 | 2.2-14 | OK |
Version: 2.2-14
Check: dependencies in R code
Result: NOTE
Unexported object imported by a ':::' call: 'bit:::R_bit_as_hi'
See the note in ?`:::` about the use of this operator.
Flavors: r-devel-linux-x86_64-debian-clang, r-devel-linux-x86_64-debian-gcc, r-devel-linux-x86_64-fedora-clang, r-devel-linux-x86_64-fedora-gcc
Version: 2.2-14
Check: compiled code
Result: NOTE
File ‘ff/libs/ff.so’:
Found no call to: ‘R_useDynamicSymbols’
It is good practice to register native routines and to disable symbol
search.
See ‘Writing portable packages’ in the ‘Writing R Extensions’ manual.
Flavors: r-devel-linux-x86_64-fedora-clang, r-devel-linux-x86_64-fedora-gcc