CRAN Package Check Results for Package fitbitScraper

Last updated on 2019-04-21 01:47:47 CEST.

Flavor Version Tinstall Tcheck Ttotal Status Flags
r-devel-linux-x86_64-debian-clang 0.1.8 1.67 19.12 20.79 OK --no-vignettes
r-devel-linux-x86_64-debian-gcc 0.1.8 2.28 19.06 21.34 OK --no-vignettes
r-devel-linux-x86_64-fedora-clang 0.1.8 25.74 OK --no-vignettes
r-devel-linux-x86_64-fedora-gcc 0.1.8 24.16 OK --no-vignettes
r-devel-windows-ix86+x86_64 0.1.8 7.00 29.00 36.00 OK --no-vignettes
r-patched-linux-x86_64 0.1.8 1.87 18.95 20.82 OK --no-vignettes
r-patched-solaris-x86 0.1.8 39.60 OK --no-vignettes
r-release-linux-x86_64 0.1.8 1.01 17.98 18.99 OK --no-vignettes
r-release-windows-ix86+x86_64 0.1.8 3.00 44.00 47.00 OK --no-vignettes
r-release-osx-x86_64 0.1.8 WARN
r-oldrel-windows-ix86+x86_64 0.1.8 2.00 48.00 50.00 OK --no-vignettes
r-oldrel-osx-x86_64 0.1.8 WARN

Check Details

Version: 0.1.8
Check: re-building of vignette outputs
Result: WARN
    Error in re-building vignettes:
     ...
    Warning in engine$weave(file, quiet = quiet, encoding = enc) :
     Pandoc (>= 1.12.3) and/or pandoc-citeproc not available. Falling back to R Markdown v1.
    Quitting from lines 22-24 (fitbitScraper-examples.Rmd)
    Error: processing vignette 'fitbitScraper-examples.Rmd' failed with diagnostics:
    login failed
    Execution halted
Flavors: r-release-osx-x86_64, r-oldrel-osx-x86_64