CRAN Package Check Results for Package frailtypack

Last updated on 2019-04-21 01:47:48 CEST.

Flavor Version Tinstall Tcheck Ttotal Status Flags
r-devel-linux-x86_64-debian-clang 3.0.3.1 177.88 184.38 362.26 OK
r-devel-linux-x86_64-debian-gcc 3.0.3.1 160.90 139.68 300.58 OK
r-devel-linux-x86_64-fedora-clang 3.0.3.1 466.02 NOTE
r-devel-linux-x86_64-fedora-gcc 3.0.3.1 457.32 OK
r-devel-windows-ix86+x86_64 3.0.3.1 769.00 257.00 1026.00 NOTE
r-patched-linux-x86_64 3.0.3.1 171.50 179.71 351.21 OK
r-patched-solaris-x86 3.0.3.1 838.00 NOTE
r-release-linux-x86_64 3.0.3.1 167.20 172.82 340.02 OK
r-release-windows-ix86+x86_64 3.0.3.1 387.00 272.00 659.00 NOTE
r-release-osx-x86_64 3.0.3.1 NOTE
r-oldrel-windows-ix86+x86_64 3.0.3.1 441.00 284.00 725.00 NOTE
r-oldrel-osx-x86_64 3.0.3.1 NOTE

Check Details

Version: 3.0.3.1
Check: installed package size
Result: NOTE
     installed size is 9.1Mb
     sub-directories of 1Mb or more:
     help 1.6Mb
     libs 5.4Mb
Flavors: r-devel-linux-x86_64-fedora-clang, r-devel-windows-ix86+x86_64, r-patched-solaris-x86, r-release-windows-ix86+x86_64, r-release-osx-x86_64, r-oldrel-windows-ix86+x86_64, r-oldrel-osx-x86_64