CRAN Package Check Results for Package functional

Last updated on 2019-04-21 01:47:48 CEST.

Flavor Version Tinstall Tcheck Ttotal Status Flags
r-devel-linux-x86_64-debian-clang 0.6 1.33 16.85 18.18 NOTE
r-devel-linux-x86_64-debian-gcc 0.6 1.88 17.20 19.08 NOTE
r-devel-linux-x86_64-fedora-clang 0.6 21.89 NOTE
r-devel-linux-x86_64-fedora-gcc 0.6 21.02 NOTE
r-devel-windows-ix86+x86_64 0.6 4.00 24.00 28.00 NOTE
r-patched-linux-x86_64 0.6 1.58 16.68 18.26 NOTE
r-patched-solaris-x86 0.6 33.70 NOTE
r-release-linux-x86_64 0.6 0.76 16.17 16.93 NOTE
r-release-windows-ix86+x86_64 0.6 2.00 24.00 26.00 NOTE
r-release-osx-x86_64 0.6 NOTE
r-oldrel-windows-ix86+x86_64 0.6 2.00 34.00 36.00 NOTE
r-oldrel-osx-x86_64 0.6 NOTE

Check Details

Version: 0.6
Check: DESCRIPTION meta-information
Result: NOTE
    Malformed Description field: should contain one or more complete sentences.
Flavors: r-devel-linux-x86_64-debian-clang, r-devel-linux-x86_64-debian-gcc, r-devel-linux-x86_64-fedora-clang, r-devel-linux-x86_64-fedora-gcc, r-devel-windows-ix86+x86_64, r-patched-linux-x86_64, r-patched-solaris-x86, r-release-linux-x86_64, r-release-windows-ix86+x86_64, r-release-osx-x86_64, r-oldrel-windows-ix86+x86_64, r-oldrel-osx-x86_64