CRAN Package Check Results for Package gaiah

Last updated on 2019-04-21 01:47:48 CEST.

Flavor Version Tinstall Tcheck Ttotal Status Flags
r-devel-linux-x86_64-debian-clang 0.0.2 2.33 31.32 33.65 OK
r-devel-linux-x86_64-debian-gcc 0.0.2 2.78 27.49 30.27 OK
r-devel-linux-x86_64-fedora-clang 0.0.2 39.08 NOTE
r-devel-linux-x86_64-fedora-gcc 0.0.2 37.16 NOTE
r-devel-windows-ix86+x86_64 0.0.2 8.00 69.00 77.00 OK
r-patched-linux-x86_64 0.0.2 2.68 30.45 33.13 OK
r-patched-solaris-x86 0.0.2 57.00 NOTE
r-release-linux-x86_64 0.0.2 1.99 29.15 31.14 OK
r-release-windows-ix86+x86_64 0.0.2 4.00 53.00 57.00 OK
r-release-osx-x86_64 0.0.2 NOTE
r-oldrel-windows-ix86+x86_64 0.0.2 5.00 55.00 60.00 OK
r-oldrel-osx-x86_64 0.0.2 NOTE

Check Details

Version: 0.0.2
Check: dependencies in R code
Result: NOTE
    Namespaces in Imports field not imported from:
     ‘ggplot2’ ‘maptools’ ‘rgeos’ ‘stringr’ ‘tidyr’
     All declared Imports should be used.
Flavors: r-devel-linux-x86_64-fedora-clang, r-devel-linux-x86_64-fedora-gcc, r-patched-solaris-x86, r-release-osx-x86_64, r-oldrel-osx-x86_64