Last updated on 2019-04-21 01:47:48 CEST.
Flavor | Version | Tinstall | Tcheck | Ttotal | Status | Flags |
---|---|---|---|---|---|---|
r-devel-linux-x86_64-debian-clang | 0.1.10 | 6.35 | 84.58 | 90.93 | OK | |
r-devel-linux-x86_64-debian-gcc | 0.1.10 | 6.48 | 66.58 | 73.06 | OK | |
r-devel-linux-x86_64-fedora-clang | 0.1.10 | 108.65 | NOTE | |||
r-devel-linux-x86_64-fedora-gcc | 0.1.10 | 104.20 | NOTE | |||
r-devel-windows-ix86+x86_64 | 0.1.10 | 29.00 | 143.00 | 172.00 | OK | |
r-patched-linux-x86_64 | 0.1.10 | 6.77 | 79.20 | 85.97 | OK | |
r-patched-solaris-x86 | 0.1.10 | 159.90 | NOTE | |||
r-release-linux-x86_64 | 0.1.10 | 5.34 | 75.43 | 80.77 | OK | |
r-release-windows-ix86+x86_64 | 0.1.10 | 9.00 | 130.00 | 139.00 | OK | |
r-release-osx-x86_64 | 0.1.10 | NOTE | ||||
r-oldrel-windows-ix86+x86_64 | 0.1.10 | 13.00 | 153.00 | 166.00 | OK | |
r-oldrel-osx-x86_64 | 0.1.10 | NOTE |
Version: 0.1.10
Check: data for non-ASCII characters
Result: NOTE
Note: found 217 marked UTF-8 strings
Flavors: r-devel-linux-x86_64-fedora-clang, r-devel-linux-x86_64-fedora-gcc, r-patched-solaris-x86, r-release-osx-x86_64, r-oldrel-osx-x86_64