Last updated on 2019-04-21 01:47:48 CEST.
Flavor | Version | Tinstall | Tcheck | Ttotal | Status | Flags |
---|---|---|---|---|---|---|
r-devel-linux-x86_64-debian-clang | 1.5-7 | 8.18 | 50.60 | 58.78 | OK | |
r-devel-linux-x86_64-debian-gcc | 1.5-7 | 7.07 | 43.60 | 50.67 | OK | |
r-devel-linux-x86_64-fedora-clang | 1.5-7 | 68.90 | OK | |||
r-devel-linux-x86_64-fedora-gcc | 1.5-7 | 65.66 | OK | |||
r-devel-windows-ix86+x86_64 | 1.5-7 | 26.00 | 88.00 | 114.00 | OK | |
r-patched-linux-x86_64 | 1.5-7 | 7.09 | 50.29 | 57.38 | OK | |
r-patched-solaris-x86 | 1.5-7 | 96.70 | OK | |||
r-release-linux-x86_64 | 1.5-7 | 6.25 | 47.91 | 54.16 | OK | |
r-release-windows-ix86+x86_64 | 1.5-7 | 15.00 | 161.00 | 176.00 | OK | |
r-release-osx-x86_64 | 1.5-7 | NOTE | ||||
r-oldrel-windows-ix86+x86_64 | 1.5-7 | 12.00 | 110.00 | 122.00 | OK | |
r-oldrel-osx-x86_64 | 1.5-7 | OK |
Version: 1.5-7
Check: dependencies in R code
Result: NOTE
Error in setClass("Extent", representation(xmin = "numeric", xmax = "numeric", :
could not find function "setClass"
Flavor: r-release-osx-x86_64