Last updated on 2019-04-21 01:47:49 CEST.
Flavor | Version | Tinstall | Tcheck | Ttotal | Status | Flags |
---|---|---|---|---|---|---|
r-devel-linux-x86_64-debian-clang | 1.1 | 3.93 | 40.93 | 44.86 | OK | |
r-devel-linux-x86_64-debian-gcc | 1.1 | 4.32 | 35.35 | 39.67 | OK | |
r-devel-linux-x86_64-fedora-clang | 1.1 | 53.85 | OK | |||
r-devel-linux-x86_64-fedora-gcc | 1.1 | 50.46 | OK | |||
r-devel-windows-ix86+x86_64 | 1.1 | 23.00 | 93.00 | 116.00 | OK | |
r-patched-linux-x86_64 | 1.1 | 4.11 | 39.48 | 43.59 | OK | |
r-patched-solaris-x86 | 1.1 | 86.70 | OK | |||
r-release-linux-x86_64 | 1.1 | 3.33 | 38.31 | 41.64 | OK | |
r-release-windows-ix86+x86_64 | 1.1 | 7.00 | 63.00 | 70.00 | OK | |
r-release-osx-x86_64 | 1.1 | WARN | ||||
r-oldrel-windows-ix86+x86_64 | 1.1 | 14.00 | 90.00 | 104.00 | OK | |
r-oldrel-osx-x86_64 | 1.1 | OK |
Version: 1.1
Check: whether package can be installed
Result: WARN
Found the following significant warnings:
Warning: package ‘dplyr’ was built under R version 3.5.1
Flavor: r-release-osx-x86_64