Last updated on 2019-04-21 01:47:49 CEST.
Flavor | Version | Tinstall | Tcheck | Ttotal | Status | Flags |
---|---|---|---|---|---|---|
r-devel-linux-x86_64-debian-clang | 0.25.2 | 15.13 | 54.53 | 69.66 | OK | |
r-devel-linux-x86_64-debian-gcc | 0.25.2 | 10.71 | 50.26 | 60.97 | OK | |
r-devel-linux-x86_64-fedora-clang | 0.25.2 | 168.03 | OK | |||
r-devel-linux-x86_64-fedora-gcc | 0.25.2 | 155.66 | OK | |||
r-devel-windows-ix86+x86_64 | 0.25.2 | 116.00 | 179.00 | 295.00 | NOTE | |
r-patched-linux-x86_64 | 0.25.2 | 12.42 | 54.88 | 67.30 | OK | |
r-patched-solaris-x86 | 0.25.2 | 356.00 | OK | |||
r-release-linux-x86_64 | 0.25.2 | 11.21 | 50.80 | 62.01 | OK | |
r-release-windows-ix86+x86_64 | 0.25.2 | 162.00 | 234.00 | 396.00 | NOTE | |
r-release-osx-x86_64 | 0.25.2 | OK | ||||
r-oldrel-windows-ix86+x86_64 | 0.25.2 | 75.00 | 282.00 | 357.00 | NOTE | |
r-oldrel-osx-x86_64 | 0.25.2 | OK |
Version: 0.25.2
Check: installed package size
Result: NOTE
installed size is 6.3Mb
sub-directories of 1Mb or more:
libs 5.8Mb
Flavors: r-devel-windows-ix86+x86_64, r-release-windows-ix86+x86_64, r-oldrel-windows-ix86+x86_64