Last updated on 2019-04-21 01:47:49 CEST.
Flavor | Version | Tinstall | Tcheck | Ttotal | Status | Flags |
---|---|---|---|---|---|---|
r-devel-linux-x86_64-debian-clang | 0.1.2 | 138.43 | 87.82 | 226.25 | NOTE | |
r-devel-linux-x86_64-debian-gcc | 0.1.2 | 130.02 | 83.70 | 213.72 | NOTE | |
r-devel-linux-x86_64-fedora-clang | 0.1.2 | 307.24 | NOTE | |||
r-devel-linux-x86_64-fedora-gcc | 0.1.2 | 295.45 | NOTE | |||
r-devel-windows-ix86+x86_64 | 0.1.2 | 306.00 | 229.00 | 535.00 | NOTE | |
r-patched-linux-x86_64 | 0.1.2 | 140.95 | 86.98 | 227.93 | NOTE | |
r-patched-solaris-x86 | 0.1.2 | 327.50 | NOTE | |||
r-release-linux-x86_64 | 0.1.2 | 139.41 | 85.17 | 224.58 | NOTE | |
r-release-windows-ix86+x86_64 | 0.1.2 | 227.00 | 190.00 | 417.00 | NOTE | |
r-release-osx-x86_64 | 0.1.2 | NOTE | ||||
r-oldrel-windows-ix86+x86_64 | 0.1.2 | 292.00 | 207.00 | 499.00 | NOTE | |
r-oldrel-osx-x86_64 | 0.1.2 | NOTE |
Version: 0.1.2
Check: for GNU extensions in Makefiles
Result: NOTE
GNU make is a SystemRequirements.
Flavors: r-devel-linux-x86_64-debian-clang, r-devel-linux-x86_64-debian-gcc, r-devel-linux-x86_64-fedora-clang, r-devel-linux-x86_64-fedora-gcc, r-devel-windows-ix86+x86_64, r-patched-linux-x86_64, r-patched-solaris-x86, r-release-linux-x86_64, r-release-windows-ix86+x86_64, r-release-osx-x86_64, r-oldrel-windows-ix86+x86_64, r-oldrel-osx-x86_64
Version: 0.1.2
Check: installed package size
Result: NOTE
installed size is 36.6Mb
sub-directories of 1Mb or more:
libs 36.0Mb
Flavors: r-devel-linux-x86_64-fedora-clang, r-release-osx-x86_64, r-oldrel-osx-x86_64