CRAN Package Check Results for Package groupRemMap

Last updated on 2019-04-21 01:47:49 CEST.

Flavor Version Tinstall Tcheck Ttotal Status Flags
r-devel-linux-x86_64-debian-clang 0.1-0 2.94 17.49 20.43 OK
r-devel-linux-x86_64-debian-gcc 0.1-0 2.72 17.52 20.24 OK
r-devel-linux-x86_64-fedora-clang 0.1-0 24.57 NOTE
r-devel-linux-x86_64-fedora-gcc 0.1-0 22.62 NOTE
r-devel-windows-ix86+x86_64 0.1-0 7.00 36.00 43.00 OK
r-patched-linux-x86_64 0.1-0 2.23 17.79 20.02 OK
r-patched-solaris-x86 0.1-0 39.90 OK
r-release-linux-x86_64 0.1-0 1.59 16.68 18.27 OK
r-release-windows-ix86+x86_64 0.1-0 6.00 33.00 39.00 OK
r-release-osx-x86_64 0.1-0 OK
r-oldrel-windows-ix86+x86_64 0.1-0 6.00 44.00 50.00 OK
r-oldrel-osx-x86_64 0.1-0 OK

Check Details

Version: 0.1-0
Check: compiled code
Result: NOTE
    File ‘groupRemMap/libs/groupRemMap.so’:
     Found no calls to: ‘R_registerRoutines’, ‘R_useDynamicSymbols’
    
    It is good practice to register native routines and to disable symbol
    search.
    
    See ‘Writing portable packages’ in the ‘Writing R Extensions’ manual.
Flavors: r-devel-linux-x86_64-fedora-clang, r-devel-linux-x86_64-fedora-gcc