Last updated on 2019-04-21 01:47:49 CEST.
Flavor | Version | Tinstall | Tcheck | Ttotal | Status | Flags |
---|---|---|---|---|---|---|
r-devel-linux-x86_64-debian-clang | 2.1-6 | 11.48 | 49.41 | 60.89 | OK | |
r-devel-linux-x86_64-debian-gcc | 2.1-6 | 10.47 | 41.14 | 51.61 | OK | |
r-devel-linux-x86_64-fedora-clang | 2.1-6 | 73.21 | OK | |||
r-devel-linux-x86_64-fedora-gcc | 2.1-6 | 70.09 | OK | |||
r-devel-windows-ix86+x86_64 | 2.1-6 | 43.00 | 80.00 | 123.00 | OK | |
r-patched-linux-x86_64 | 2.1-6 | 10.98 | 49.05 | 60.03 | OK | |
r-patched-solaris-x86 | 2.1-6 | 100.90 | OK | |||
r-release-linux-x86_64 | 2.1-6 | 9.80 | 45.93 | 55.73 | OK | |
r-release-windows-ix86+x86_64 | 2.1-6 | 38.00 | 70.00 | 108.00 | OK | |
r-release-osx-x86_64 | 2.1-6 | ERROR | ||||
r-oldrel-windows-ix86+x86_64 | 2.1-6 | 49.00 | 89.00 | 138.00 | OK | |
r-oldrel-osx-x86_64 | 2.1-6 | ERROR |
Version: 2.1-6
Check: whether package can be installed
Result: ERROR
Installation failed.
Flavors: r-release-osx-x86_64, r-oldrel-osx-x86_64