CRAN Package Check Results for Package gym

Last updated on 2019-04-21 01:47:49 CEST.

Flavor Version Tinstall Tcheck Ttotal Status Flags
r-devel-linux-x86_64-debian-clang 0.1.0 1.64 17.73 19.37 OK
r-devel-linux-x86_64-debian-gcc 0.1.0 2.03 17.11 19.14 OK
r-devel-linux-x86_64-fedora-clang 0.1.0 22.61 OK
r-devel-linux-x86_64-fedora-gcc 0.1.0 21.92 OK
r-devel-windows-ix86+x86_64 0.1.0 5.00 42.00 47.00 OK
r-patched-linux-x86_64 0.1.0 1.45 17.79 19.24 OK
r-patched-solaris-x86 0.1.0 37.40 OK
r-release-linux-x86_64 0.1.0 1.05 16.54 17.59 NOTE
r-release-windows-ix86+x86_64 0.1.0 2.00 39.00 41.00 OK
r-release-osx-x86_64 0.1.0 OK
r-oldrel-windows-ix86+x86_64 0.1.0 3.00 37.00 40.00 OK
r-oldrel-osx-x86_64 0.1.0 OK

Check Details

Version: 0.1.0
Check: DESCRIPTION meta-information
Result: NOTE
    Dependence on R version ‘3.3.1’ not with patchlevel 0
Flavor: r-release-linux-x86_64