Last updated on 2019-04-21 01:47:49 CEST.
Flavor | Version | Tinstall | Tcheck | Ttotal | Status | Flags |
---|---|---|---|---|---|---|
r-devel-linux-x86_64-debian-clang | 0.9.9 | 54.55 | 59.44 | 113.99 | OK | |
r-devel-linux-x86_64-debian-gcc | 0.9.9 | 42.74 | 50.05 | 92.79 | OK | |
r-devel-linux-x86_64-fedora-clang | 0.9.9 | 155.61 | OK | |||
r-devel-linux-x86_64-fedora-gcc | 0.9.9 | 139.79 | OK | |||
r-devel-windows-ix86+x86_64 | 0.9.9 | 149.00 | 173.00 | 322.00 | NOTE | |
r-patched-linux-x86_64 | 0.9.9 | 51.90 | 57.42 | 109.32 | OK | |
r-release-linux-x86_64 | 0.9.9 | 45.70 | 48.61 | 94.31 | OK | |
r-release-windows-ix86+x86_64 | 0.9.9 | 121.00 | 154.00 | 275.00 | NOTE | |
r-release-osx-x86_64 | 0.9.9 | ERROR | ||||
r-oldrel-windows-ix86+x86_64 | 0.9.9 | 105.00 | 170.00 | 275.00 | NOTE | |
r-oldrel-osx-x86_64 | 0.9.9 | ERROR |
Version: 0.9.9
Check: installed package size
Result: NOTE
installed size is 10.5Mb
sub-directories of 1Mb or more:
libs 9.6Mb
Flavors: r-devel-windows-ix86+x86_64, r-release-windows-ix86+x86_64, r-oldrel-windows-ix86+x86_64
Version: 0.9.9
Check: whether package can be installed
Result: ERROR
Installation failed.
Flavors: r-release-osx-x86_64, r-oldrel-osx-x86_64