CRAN Package Check Results for Package haploReconstruct

Last updated on 2019-04-21 01:47:50 CEST.

Flavor Version Tinstall Tcheck Ttotal Status Flags
r-devel-linux-x86_64-debian-clang 0.1.2 10.73 62.34 73.07 OK
r-devel-linux-x86_64-debian-gcc 0.1.2 10.54 94.72 105.26 OK
r-devel-linux-x86_64-fedora-clang 0.1.2 77.92 NOTE
r-devel-linux-x86_64-fedora-gcc 0.1.2 77.35 OK
r-devel-windows-ix86+x86_64 0.1.2 23.00 101.00 124.00 NOTE
r-patched-linux-x86_64 0.1.2 10.64 68.54 79.18 OK
r-patched-solaris-x86 0.1.2 119.10 NOTE
r-release-linux-x86_64 0.1.2 8.75 60.62 69.37 OK
r-release-windows-ix86+x86_64 0.1.2 16.00 99.00 115.00 NOTE
r-release-osx-x86_64 0.1.2 NOTE
r-oldrel-windows-ix86+x86_64 0.1.2 20.00 94.00 114.00 NOTE
r-oldrel-osx-x86_64 0.1.2 NOTE

Check Details

Version: 0.1.2
Check: installed package size
Result: NOTE
     installed size is 9.8Mb
     sub-directories of 1Mb or more:
     data 9.4Mb
Flavors: r-devel-linux-x86_64-fedora-clang, r-devel-windows-ix86+x86_64, r-patched-solaris-x86, r-release-windows-ix86+x86_64, r-release-osx-x86_64, r-oldrel-windows-ix86+x86_64, r-oldrel-osx-x86_64